{"id":39,"date":"2014-03-31T11:45:08","date_gmt":"2013-08-07T05:56:52","guid":{"rendered":"http:\/\/holmi.kl-kl.si\/?page_id=39"},"modified":"2013-09-17T12:44:05","modified_gmt":"2013-09-17T10:44:05","slug":"seznam-dogodkov","status":"publish","type":"page","link":"http:\/\/holmi.kl-kl.si\/?page_id=39","title":{"rendered":"Seznam dogodkov"},"content":{"rendered":"<table cellpadding=\"0\" cellspacing=\"0\" class=\"events-table\" >\r\n    <thead>\r\n        <tr>\r\n\t\t\t<th class=\"event-time\" width=\"150\">Datum \u2013 D\u00e1tum<br \/>\u010cas \u2013 Id\u0151pont<\/th>\r\n\t\t\t<th class=\"event-description\" width=\"*\">Dogodek \u2013 Esem\u00e9ny<\/th>\r\n\t\t<\/tr>\r\n   \t<\/thead>\r\n    <tbody><tr>\r\n\t<td>  \r\n\t\t04. 05. 2026 - 07. 05. 2026<br\/>\r\n\t\t<i>14:00 - 20:00<\/i>\r\n\t<\/td>\r\n\t<td style=\"line-height: 1.5\">\r\n\t\t<span style=\"font-size:110%\"><b><a href=\"http:\/\/holmi.kl-kl.si\/?event=trnuljcica-v-izvedbi-baletnega-oddelka-glasbene-sole-lendava\">Trnulj\u010dica v izvedbi baletnega oddelka Glasbene \u0161ole Lendava<\/a><\/b><br \/><\/span>\r\n<small>\r\n<b>Organizator \u2013 Szervez\u0151:<\/b><br \/>\r\n\t\t<span style=\"background-color:#9a2816; color:white\">KKCL \u2013 LKKK :: Knji\u017enica \u2013 Kulturni center Lendava \u2013 NOE UKKKS\/Lendvai K\u00f6nyvt\u00e1r \u00e9s Kultur\u00e1lis K\u00f6zpont \u2013 MKKK\u00c1 BSZE<\/span>\r\n\t\t<br \/>\r\n\t\t\t<b>Lokacija \u2013 Helysz\u00edn:<\/b><br \/>\r\n\t\t\t<i><a href=\"http:\/\/holmi.kl-kl.si\/?location=gledaliska-in-koncertna-dvorana-szinhaz-es-hangversenyterem\">Gledali\u0161ka in koncertna dvorana - Sz\u00ednh\u00e1z- \u00e9s hangversenyterem<\/a> <\/i>\r\n\t\t\t<br \/>\r\n\t\t<b>Kontakt \u2013 El\u00e9rhet\u0151s\u00e9g:<\/b><br \/> \r\n\t\t<i>Gordana \u0160krilec <\/i> | <a href=\\\"mailto:&#71;&#111;&#114;&#100;&#97;&#110;&#97;&#46;&#83;&#107;&#114;&#105;&#108;&#101;&#99;&#64;&#107;&#107;&#108;&#46;&#115;&#105;\\\">&#71;&#111;&#114;&#100;&#97;&#110;&#97;&#46;&#83;&#107;&#114;&#105;&#108;&#101;&#99;&#64;&#107;&#107;&#108;&#46;&#115;&#105;<\/a> | +386 2 577 60 24\t<\/small>\r\n\t<\/td>\r\n<\/tr><tr>\r\n\t<td>  \r\n\t\t07. 05. 2026<br\/>\r\n\t\t<i>18:30 - 19:30<\/i>\r\n\t<\/td>\r\n\t<td style=\"line-height: 1.5\">\r\n\t\t<span style=\"font-size:110%\"><b><a href=\"http:\/\/holmi.kl-kl.si\/?event=predavanje-kapitan-modrih-gora-eloadas-a-kek-hegyek-kapitanya\">Predavanje: Kapitan modrih gora\/El\u0151ad\u00e1s: A k\u00e9k hegyek kapit\u00e1nya<\/a><\/b><br \/><\/span>\r\n<small>\r\n<b>Organizator \u2013 Szervez\u0151:<\/b><br \/>\r\n\t\t<span style=\"background-color:#FF0000; color:white\">KKCL \u2013 LKKK :: Knji\u017enica \u2013 Kulturni center Lendava\/Lendvai K\u00f6nyvt\u00e1r \u00e9s Kultur\u00e1lis K\u00f6zpont<\/span>\r\n\t\t<br \/>\r\n\t\t\t<b>Lokacija \u2013 Helysz\u00edn:<\/b><br \/>\r\n\t\t\t<i><a href=\"http:\/\/holmi.kl-kl.si\/?location=knjiznica-lendava-konyvtar-lendva\">Knji\u017enica Lendava - K\u00f6nyvt\u00e1r Lendva<\/a> <\/i>\r\n\t\t\t<br \/>\r\n\t\t<b>Kontakt \u2013 El\u00e9rhet\u0151s\u00e9g:<\/b><br \/> \r\n\t\t<i>admin <\/i> | <a href=\\\"mailto:&#119;&#101;&#98;&#109;&#97;&#115;&#116;&#101;&#114;&#64;&#107;&#108;&#45;&#107;&#108;&#46;&#115;&#105;\\\">&#119;&#101;&#98;&#109;&#97;&#115;&#116;&#101;&#114;&#64;&#107;&#108;&#45;&#107;&#108;&#46;&#115;&#105;<\/a> | N\/A\t<\/small>\r\n\t<\/td>\r\n<\/tr><\/tbody><\/table><span class=\"em-pagination\" > <strong><span class=\"page-numbers current\">1<\/span><\/strong> <a class=\"page-numbers\" href=\"\/index.php?rest_route=%252Fwp%252Fv2%252Fpages%252F39&#038;pno=2\" title=\"2\">2<\/a>  <a class=\"page-numbers\" href=\"\/index.php?rest_route=%252Fwp%252Fv2%252Fpages%252F39&#038;pno=3\" title=\"3\">3<\/a>  <a class=\"next page-numbers\" href=\"\/index.php?rest_route=%252Fwp%252Fv2%252Fpages%252F39&#038;pno=2\" title=\"2\">&gt;<\/a>  <\/span>\n","protected":false},"excerpt":{"rendered":"","protected":false},"author":1,"featured_media":0,"parent":0,"menu_order":1,"comment_status":"open","ping_status":"closed","template":"","meta":[],"_links":{"self":[{"href":"http:\/\/holmi.kl-kl.si\/index.php?rest_route=\/wp\/v2\/pages\/39"}],"collection":[{"href":"http:\/\/holmi.kl-kl.si\/index.php?rest_route=\/wp\/v2\/pages"}],"about":[{"href":"http:\/\/holmi.kl-kl.si\/index.php?rest_route=\/wp\/v2\/types\/page"}],"author":[{"embeddable":true,"href":"http:\/\/holmi.kl-kl.si\/index.php?rest_route=\/wp\/v2\/users\/1"}],"replies":[{"embeddable":true,"href":"http:\/\/holmi.kl-kl.si\/index.php?rest_route=%2Fwp%2Fv2%2Fcomments&post=39"}],"version-history":[{"count":3,"href":"http:\/\/holmi.kl-kl.si\/index.php?rest_route=\/wp\/v2\/pages\/39\/revisions"}],"predecessor-version":[{"id":163,"href":"http:\/\/holmi.kl-kl.si\/index.php?rest_route=\/wp\/v2\/pages\/39\/revisions\/163"}],"wp:attachment":[{"href":"http:\/\/holmi.kl-kl.si\/index.php?rest_route=%2Fwp%2Fv2%2Fmedia&parent=39"}],"curies":[{"name":"wp","href":"https:\/\/api.w.org\/{rel}","templated":true}]}}

<table cellpadding="0" cellspacing="0" class="events-table" >
    <thead>
        <tr>
			<th class="event-time" width="150">Datum – Dátum<br />Čas – Időpont</th>
			<th class="event-description" width="*">Dogodek – Esemény</th>
		</tr>
   	</thead>
    <tbody><tr>
	<td>  
		04. 05. 2026 - 07. 05. 2026<br/>
		<i>14:00 - 20:00</i>
	</td>
	<td style="line-height: 1.5">
		<span style="font-size:110%"><b><a href="http://holmi.kl-kl.si/?event=trnuljcica-v-izvedbi-baletnega-oddelka-glasbene-sole-lendava">Trnuljčica v izvedbi baletnega oddelka Glasbene šole Lendava</a></b><br /></span>
<small>
<b>Organizator – Szervező:</b><br />
		<span style="background-color:#9a2816; color:white">KKCL – LKKK :: Knjižnica – Kulturni center Lendava – NOE UKKKS/Lendvai Könyvtár és Kulturális Központ – MKKKÁ BSZE</span>
		<br />
			<b>Lokacija – Helyszín:</b><br />
			<i><a href="http://holmi.kl-kl.si/?location=gledaliska-in-koncertna-dvorana-szinhaz-es-hangversenyterem">Gledališka in koncertna dvorana - Színház- és hangversenyterem</a> </i>
			<br />
		<b>Kontakt – Elérhetőség:</b><br /> 
		<i>Gordana Škrilec </i> | <a href=\"mailto:&#71;&#111;&#114;&#100;&#97;&#110;&#97;&#46;&#83;&#107;&#114;&#105;&#108;&#101;&#99;&#64;&#107;&#107;&#108;&#46;&#115;&#105;\">&#71;&#111;&#114;&#100;&#97;&#110;&#97;&#46;&#83;&#107;&#114;&#105;&#108;&#101;&#99;&#64;&#107;&#107;&#108;&#46;&#115;&#105;</a> | +386 2 577 60 24	</small>
	</td>
</tr><tr>
	<td>  
		07. 05. 2026<br/>
		<i>18:30 - 19:30</i>
	</td>
	<td style="line-height: 1.5">
		<span style="font-size:110%"><b><a href="http://holmi.kl-kl.si/?event=predavanje-kapitan-modrih-gora-eloadas-a-kek-hegyek-kapitanya">Predavanje: Kapitan modrih gora/Előadás: A kék hegyek kapitánya</a></b><br /></span>
<small>
<b>Organizator – Szervező:</b><br />
		<span style="background-color:#FF0000; color:white">KKCL – LKKK :: Knjižnica – Kulturni center Lendava/Lendvai Könyvtár és Kulturális Központ</span>
		<br />
			<b>Lokacija – Helyszín:</b><br />
			<i><a href="http://holmi.kl-kl.si/?location=knjiznica-lendava-konyvtar-lendva">Knjižnica Lendava - Könyvtár Lendva</a> </i>
			<br />
		<b>Kontakt – Elérhetőség:</b><br /> 
		<i>admin </i> | <a href=\"mailto:&#119;&#101;&#98;&#109;&#97;&#115;&#116;&#101;&#114;&#64;&#107;&#108;&#45;&#107;&#108;&#46;&#115;&#105;\">&#119;&#101;&#98;&#109;&#97;&#115;&#116;&#101;&#114;&#64;&#107;&#108;&#45;&#107;&#108;&#46;&#115;&#105;</a> | N/A	</small>
	</td>
</tr></tbody></table><span class="em-pagination" > <strong><span class="page-numbers current">1</span></strong> <a class="page-numbers" href="/index.php?rest_route=%252Fwp%252Fv2%252Fpages%252F39&#038;pno=2" title="2">2</a>  <a class="page-numbers" href="/index.php?rest_route=%252Fwp%252Fv2%252Fpages%252F39&#038;pno=3" title="3">3</a>  <a class="next page-numbers" href="/index.php?rest_route=%252Fwp%252Fv2%252Fpages%252F39&#038;pno=2" title="2">&gt;</a>  </span>
