{"id":549,"date":"2014-03-31T12:35:24","date_gmt":"2014-03-31T10:35:06","guid":{"rendered":"http:\/\/holmi.kl-kl.si\/?page_id=549"},"modified":"2021-12-22T07:25:19","modified_gmt":"2021-12-22T06:25:19","slug":"koledar-dogodkov-2","status":"publish","type":"page","link":"https:\/\/holmi.kl-kl.si\/?lang=sl","title":{"rendered":"Koledar dogodkov"},"content":{"rendered":"<p><span style=\"line-height: 1.714285714; font-size: 1rem;\">\t\t<div class=\"wpfc-calendar-wrapper\"><form class=\"wpfc-calendar\" id=\"wpfc-calendar-70019\"><\/form><div class=\"wpfc-loading\"><\/div><\/div>\r\n\t\t<div class=\"wpfc-calendar-search\" style=\"display:none;\">\r\n\t\t\t<select  name='event-categories' id='event-categories' class='wpfc-taxonomy event-categories' >\n\t<option value='0' selected='selected'>Vse kategorije dogodka<\/option>\n<option class=\"level-0\" value=\"3\">#FF0000 - KKCL \u2013 LKKK :: Knji\u017enica \u2013 Kulturni center Lendava\/Lendvai K\u00f6nyvt\u00e1r \u00e9s Kultur\u00e1lis K\u00f6zpont<\/option><option class=\"level-0\" value=\"4\">#1421d2 - LKMN\u00d6K \u2013 MSNSOL :: Lendva K\u00f6zs\u00e9g Magyar Nemzeti \u00d6nkorm\u00e1nyzati K\u00f6z\u00f6ss\u00e9g \u2013 Mad\u017earska samoupravna narodna skupnost ob\u010dine Lendava<\/option><option class=\"level-0\" value=\"7\">#30ac15 - MNMI \u2013 ZKMN :: Magyar Nemzetis\u00e9gi M\u0171vel\u0151d\u00e9si Int\u00e9zet Lendva \u2013 Zavod za kulturo mad\u017earske narodnosti<\/option><option class=\"level-0\" value=\"24\">#9a2816 - KKCL \u2013 LKKK :: Knji\u017enica \u2013 Kulturni center Lendava \u2013 NOE UKKKS\/Lendvai K\u00f6nyvt\u00e1r \u00e9s Kultur\u00e1lis K\u00f6zpont \u2013 MKKK\u00c1 BSZE<\/option><option class=\"level-0\" value=\"25\">#064413 - GML :: Galerija-Muzej Lendava \u2013 Gal\u00e9ria-M\u00fazeum Lendva<\/option><option class=\"level-0\" value=\"26\">#125695 - OL \u2013 LK :: Ob\u010dina Lendava \u2013 Lendva K\u00f6zs\u00e9g<\/option><option class=\"level-0\" value=\"27\">#492121 - DO\u0160 II. \u2013 2. sz. K\u00c1I :: Dvojezi\u010dna osnovna \u0161ola II Lendava \u2013 2. Sz. Lendvai K\u00e9tnyelv\u0171 \u00c1ltal\u00e1nos Iskola<\/option><option class=\"level-0\" value=\"28\">#a8d144 - ZTR-TFK :: Zavod za turizem in razvoj Lendava &#8211; Turisztikai \u00e9s Fejleszt\u00e9si K\u00f6zint\u00e9zet Lendva<\/option><option class=\"level-0\" value=\"29\">#f2673a - SMH :: Sofija medgeneracijska hi\u0161a Lendava<\/option><option class=\"level-0\" value=\"30\">#9f6fcb - Vrtec Lendava \u2013 Lendvai \u00d3voda<\/option><option class=\"level-0\" value=\"31\">#B8860B - ZKDL \u2013 KKSzL :: Zveza kulturnih dru\u0161tev Lendava \u2013 Kult\u00faregyes\u00fcletek K\u00f6zs\u00e9gi Sz\u00f6vets\u00e9ga Lendva<\/option><option class=\"level-0\" value=\"41\">#666666 - MKI Mansarda :: Mladisnko kulturni inkubator Mansarda, Zavod aktivne mladine Lendava \u2013 Ifjus\u00e1gi \u00e9s Kultur\u00e1lis Inkub\u00e1bor Mansarda \u2013 Padl\u00e1s<\/option><option class=\"level-0\" value=\"43\">#3c67ab - TZLV \u2013 TSzLv\u00d6 :: Turisti\u010dna zveza Lendava vabi \u2013 Turisztikai sz\u00f6vets\u00e9g Lendva v\u00e1rja \u00d6nt<\/option><option class=\"level-0\" value=\"46\">#90d090 - Integrated Vision<\/option><option class=\"level-0\" value=\"48\">#217b8c - Lions klub Lendava &#8211; Lendva<\/option><option class=\"level-0\" value=\"52\">#1d46a5 - EPK \u2013 EKF :: Evropska prestolnica kulture \u2013 Eur\u00f3pa Kultur\u00e1lis F\u0151v\u00e1rosa<\/option><option class=\"level-0\" value=\"54\">#0066bf - MM\u00d6NK \u2013 PMSNS :: Muravid\u00e9ki Magyar \u00d6nkorm\u00e1nyzati Nemzeti K\u00f6z\u00f6ss\u00e9g \u2013 Pomurska mad\u017earska samoupravna narodna skupnost<\/option><\/select>\n\t\t<\/div>\r\n\t\t<script type=\"text\/javascript\">\r\n    \t\tWPFC.data = { action : 'WP_FullCalendar', 'type' : 'event', 'month' : 4, 'year' : 2026 };\r\n    \t\tWPFC.month = 4;\r\n    \t\tWPFC.year = 2026;\r\n\t\t<\/script>\r\n\t\t<\/span><\/p>\n","protected":false},"excerpt":{"rendered":"","protected":false},"author":1,"featured_media":0,"parent":0,"menu_order":0,"comment_status":"closed","ping_status":"closed","template":"","meta":[],"_links":{"self":[{"href":"https:\/\/holmi.kl-kl.si\/index.php?rest_route=\/wp\/v2\/pages\/549"}],"collection":[{"href":"https:\/\/holmi.kl-kl.si\/index.php?rest_route=\/wp\/v2\/pages"}],"about":[{"href":"https:\/\/holmi.kl-kl.si\/index.php?rest_route=\/wp\/v2\/types\/page"}],"author":[{"embeddable":true,"href":"https:\/\/holmi.kl-kl.si\/index.php?rest_route=\/wp\/v2\/users\/1"}],"replies":[{"embeddable":true,"href":"https:\/\/holmi.kl-kl.si\/index.php?rest_route=%2Fwp%2Fv2%2Fcomments&post=549"}],"version-history":[{"count":1,"href":"https:\/\/holmi.kl-kl.si\/index.php?rest_route=\/wp\/v2\/pages\/549\/revisions"}],"predecessor-version":[{"id":550,"href":"https:\/\/holmi.kl-kl.si\/index.php?rest_route=\/wp\/v2\/pages\/549\/revisions\/550"}],"wp:attachment":[{"href":"https:\/\/holmi.kl-kl.si\/index.php?rest_route=%2Fwp%2Fv2%2Fmedia&parent=549"}],"curies":[{"name":"wp","href":"https:\/\/api.w.org\/{rel}","templated":true}]}}